{"id":441,"date":"2024-04-08T09:49:54","date_gmt":"2024-04-08T09:49:54","guid":{"rendered":"https:\/\/geokana.com\/shop\/?page_id=441"},"modified":"2024-04-24T22:43:33","modified_gmt":"2024-04-24T22:43:33","slug":"empresas","status":"publish","type":"page","link":"https:\/\/geokana.com\/shop\/empresas\/","title":{"rendered":"GEOKANA PARA EMPRESAS Y EVENTOS"},"content":{"rendered":"<div data-label=\"Content\" data-id=\"content--3\" data-export-id=\"content-3\" data-category=\"content\" class=\"content-3 content-section content-section-spacing\" id=\"content-3\"  style=\"background-color: rgb(255, 255, 255);\"><div > <div class=\"row middle-xs\" ><div class=\"col-sm-7 full-col-left-padding full-col-right-padding\" > <div class=\"row\" ><div data-type=\"column\" class=\"space-bottom-small content-title-col\" > <h5 class=\"\" >EMPRESAS Y EVENTOS<\/h5> <h2 class=\"\" >Nuestra Tecnolog\u00eda <span style=\"font-weight: 900;\" >a vuestra disposici\u00f3n<\/span><\/h2><h4 class=\"\" ><span style=\"font-weight: 300;\" >DINAMIZAMOS EVENTOS CREANDO UNA EXPERIENCIA DE GAMIFICACI\u00d3N A MEDIDA<\/span><\/h4><h2 class=\"\" >Creamos gymkanas digitales y juegos interactivos personalizados<\/h2> <p class=\"\" ><span style=\"font-weight: 700;\" >Creamos gymkanas digitales y juegos basados en mapas interactivos<\/span><br ><span style=\"font-weight: 700;\" >\npersonalizados con vuestra imagen (logos, iconos y contenidos)<\/span>\n<br ><br >Si quieres saber c\u00f3mo nuestra tecnolog\u00eda de mapas interactivos y tags NFC inteligentes puede ayudarte en tus procesos de Team Building, Coaching, Gesti\u00f3n de Equipos, Formaci\u00f3n, Experiencia de Usuario y Gamificaci\u00f3n, contacta con nosotros.<\/p><\/div> <\/div> <div class=\"row spaced-cols\" data-type=\"row\" > <div class=\"col-xs-6\" data-type=\"column\" >  <\/div>    <\/div><\/div> <div class=\"col-sm-5 bg-image shadow-large-black revert-classes-holder\" data-bg=\"image\"  style=\"background-image: url(&quot;https:\/\/geokana.com\/shop\/wp-content\/uploads\/2024\/04\/IMG_20240424_122651-scaled.jpg&quot;);\"><\/div><\/div> <\/div><\/div><div  data-label=\"Contact\" data-id=\"contact--1\" data-export-id=\"contact-1\" data-category=\"contact\" class=\"contact-1 content-section content-section-spacing white-text\" data-parallax-depth=\"20\" id=\"contact-1\" style=\"background-color: rgb(245, 250, 253); background-image: url(&quot;https:\/\/geokana.com\/shop\/wp-content\/uploads\/2024\/04\/cropped-cropped-cropped-geokana-fondo-1.png&quot;); background-size: cover; background-position: center top;\"><div  class=\"gridContainer\"> <div  class=\"row text-center\"><div  class=\"section-title-col\" data-type=\"column\"> <h2  class=\"\">Contacta con nosotros<\/h2> <p  class=\"lead\">Rellena el formulario y nos podremos en contacto para estudiar vuestra idea.<\/p><\/div> <\/div> <div  class=\"row text-center\"> <div  class=\"col-xs-12 col-sm-8 col-sm-offset-2 contact-form-wrapper inline-info\"> <div  class=\"card large-padding\"> <div  class=\"\" data-content-shortcode=\"mesmerize_contact_form shortcode=&quot;wpforms id=&amp;amp;quot;581&amp;amp;quot;&quot;\" data-editable=\"true\"><div class=\"wpforms-container wpforms-container-full wpforms-render-modern\" id=\"wpforms-581\"><form id=\"wpforms-form-581\" class=\"wpforms-validate wpforms-form wpforms-ajax-form\" data-formid=\"581\" method=\"post\" enctype=\"multipart\/form-data\" action=\"\/shop\/wp-json\/wp\/v2\/pages\/441\" data-token=\"a24ca2e14b59f2af0eef9d5a4fbcb4e5\" data-token-time=\"1776450461\"><noscript class=\"wpforms-error-noscript\">Por favor, activa JavaScript en tu navegador para completar este formulario.<\/noscript><div class=\"wpforms-hidden\" id=\"wpforms-error-noscript\">Por favor, activa JavaScript en tu navegador para completar este formulario.<\/div><div class=\"wpforms-field-container\"><div id=\"wpforms-581-field_1-container\" class=\"wpforms-field wpforms-field-text\" data-field-id=\"1\"><label class=\"wpforms-field-label\" for=\"wpforms-581-field_1\">Nombre <span class=\"wpforms-required-label\" aria-hidden=\"true\">*<\/span><\/label><input type=\"text\" id=\"wpforms-581-field_1\" class=\"wpforms-field-medium wpforms-field-required\" name=\"wpforms[fields][1]\" aria-errormessage=\"wpforms-581-field_1-error\" required><\/div><div id=\"wpforms-581-field_2-container\" class=\"wpforms-field wpforms-field-text\" data-field-id=\"2\"><label class=\"wpforms-field-label\" for=\"wpforms-581-field_2\">Tel\u00e9fono <span class=\"wpforms-required-label\" aria-hidden=\"true\">*<\/span><\/label><input type=\"text\" id=\"wpforms-581-field_2\" class=\"wpforms-field-medium wpforms-field-required\" name=\"wpforms[fields][2]\" aria-errormessage=\"wpforms-581-field_2-error\" required><\/div><div id=\"wpforms-581-field_3-container\" class=\"wpforms-field wpforms-field-text\" data-field-id=\"3\"><label class=\"wpforms-field-label\" for=\"wpforms-581-field_3\">Email <span class=\"wpforms-required-label\" aria-hidden=\"true\">*<\/span><\/label><input type=\"text\" id=\"wpforms-581-field_3\" class=\"wpforms-field-medium wpforms-field-required\" name=\"wpforms[fields][3]\" aria-errormessage=\"wpforms-581-field_3-error\" required><\/div><div id=\"wpforms-581-field_4-container\" class=\"wpforms-field wpforms-field-text\" data-field-id=\"4\"><label class=\"wpforms-field-label\" for=\"wpforms-581-field_4\">Poblaci\u00f3n <span class=\"wpforms-required-label\" aria-hidden=\"true\">*<\/span><\/label><input type=\"text\" id=\"wpforms-581-field_4\" class=\"wpforms-field-medium wpforms-field-required\" name=\"wpforms[fields][4]\" aria-errormessage=\"wpforms-581-field_4-error\" required><\/div><div id=\"wpforms-581-field_5-container\" class=\"wpforms-field wpforms-field-checkbox\" data-field-id=\"5\"><fieldset><legend class=\"wpforms-field-label\">Pol\u00edtica de Privacidad RGPD y Aviso Legal <span class=\"wpforms-required-label\" aria-hidden=\"true\">*<\/span><\/legend><ul id=\"wpforms-581-field_5\" class=\"wpforms-field-required\"><li class=\"choice-1 depth-1\"><input type=\"checkbox\" id=\"wpforms-581-field_5_1\" name=\"wpforms[fields][5][]\" value=\"He le\u00eddo y acepto la Pol\u00edtica de Privacidad RGPD y Aviso Legal\" aria-errormessage=\"wpforms-581-field_5_1-error\" required ><label class=\"wpforms-field-label-inline\" for=\"wpforms-581-field_5_1\">He le\u00eddo y acepto la Pol\u00edtica de Privacidad RGPD y Aviso Legal<\/label><\/li><\/ul><\/fieldset><\/div><\/div><!-- .wpforms-field-container --><div class=\"wpforms-recaptcha-container wpforms-is-recaptcha wpforms-is-recaptcha-type-v3\" ><input type=\"hidden\" name=\"wpforms[recaptcha]\" value=\"\"><\/div><div class=\"wpforms-submit-container\" ><input type=\"hidden\" name=\"wpforms[id]\" value=\"581\"><input type=\"hidden\" name=\"page_title\" value=\"\"><input type=\"hidden\" name=\"page_url\" value=\"https:\/\/geokana.com\/shop\/wp-json\/wp\/v2\/pages\/441\"><input type=\"hidden\" name=\"url_referer\" value=\"\"><button type=\"submit\" name=\"wpforms[submit]\" id=\"wpforms-submit-581\" class=\"wpforms-submit\" data-alt-text=\"Enviando...\" data-submit-text=\"Enviar\" aria-live=\"assertive\" value=\"wpforms-submit\">Enviar<\/button><img loading=\"lazy\" decoding=\"async\" src=\"https:\/\/geokana.com\/shop\/wp-content\/plugins\/wpforms-lite\/assets\/images\/submit-spin.svg\" class=\"wpforms-submit-spinner\" style=\"display: none;\" width=\"26\" height=\"26\" alt=\"Cargando\"><\/div><\/form><\/div>  <!-- .wpforms-container --><\/div><\/div> <\/div><\/div> <\/div><\/div>","protected":false},"excerpt":{"rendered":"<p>EMPRESAS Y EVENTOS Nuestra Tecnolog\u00eda a vuestra disposici\u00f3nDINAMIZAMOS EVENTOS CREANDO UNA EXPERIENCIA DE GAMIFICACI\u00d3N A MEDIDACreamos gymkanas digitales y juegos interactivos personalizados Creamos gymkanas digitales y juegos basados en mapas interactivos personalizados con vuestra imagen (logos, iconos y contenidos) Si quieres saber c\u00f3mo nuestra tecnolog\u00eda de mapas interactivos y tags NFC inteligentes puede ayudarte en&hellip; <br \/> <a class=\"read-more\" href=\"https:\/\/geokana.com\/shop\/empresas\/\">Leer m\u00e1s<\/a><\/p>\n","protected":false},"author":1,"featured_media":0,"parent":0,"menu_order":0,"comment_status":"closed","ping_status":"closed","template":"pro\/page-templates\/full-width-page.php","meta":{"footnotes":""},"class_list":["post-441","page","type-page","status-publish","hentry"],"_links":{"self":[{"href":"https:\/\/geokana.com\/shop\/wp-json\/wp\/v2\/pages\/441","targetHints":{"allow":["GET"]}}],"collection":[{"href":"https:\/\/geokana.com\/shop\/wp-json\/wp\/v2\/pages"}],"about":[{"href":"https:\/\/geokana.com\/shop\/wp-json\/wp\/v2\/types\/page"}],"author":[{"embeddable":true,"href":"https:\/\/geokana.com\/shop\/wp-json\/wp\/v2\/users\/1"}],"replies":[{"embeddable":true,"href":"https:\/\/geokana.com\/shop\/wp-json\/wp\/v2\/comments?post=441"}],"version-history":[{"count":26,"href":"https:\/\/geokana.com\/shop\/wp-json\/wp\/v2\/pages\/441\/revisions"}],"predecessor-version":[{"id":1017,"href":"https:\/\/geokana.com\/shop\/wp-json\/wp\/v2\/pages\/441\/revisions\/1017"}],"wp:attachment":[{"href":"https:\/\/geokana.com\/shop\/wp-json\/wp\/v2\/media?parent=441"}],"curies":[{"name":"wp","href":"https:\/\/api.w.org\/{rel}","templated":true}]}}