{"id":452,"date":"2024-04-08T10:05:35","date_gmt":"2024-04-08T10:05:35","guid":{"rendered":"https:\/\/geokana.com\/shop\/?page_id=452"},"modified":"2024-04-08T10:05:35","modified_gmt":"2024-04-08T10:05:35","slug":"contacto","status":"publish","type":"page","link":"https:\/\/geokana.com\/shop\/contacto\/","title":{"rendered":"CONTACTO"},"content":{"rendered":"<div class=\"wpforms-container wpforms-container-full wpforms-block wpforms-block-e7bb8a38-15dd-4124-95a7-2c0093ab95ec wpforms-render-modern\" id=\"wpforms-429\"><form id=\"wpforms-form-429\" class=\"wpforms-validate wpforms-form wpforms-ajax-form\" data-formid=\"429\" method=\"post\" enctype=\"multipart\/form-data\" action=\"\/shop\/wp-json\/wp\/v2\/pages\/452\" data-token=\"9d68bdf15f33e5ebe5fe7405a702918a\" data-token-time=\"1776764898\"><noscript class=\"wpforms-error-noscript\">Por favor, activa JavaScript en tu navegador para completar este formulario.<\/noscript><div class=\"wpforms-hidden\" id=\"wpforms-error-noscript\">Por favor, activa JavaScript en tu navegador para completar este formulario.<\/div><div class=\"wpforms-field-container\"><div id=\"wpforms-429-field_1-container\" class=\"wpforms-field wpforms-field-text\" data-field-id=\"1\"><label class=\"wpforms-field-label\" for=\"wpforms-429-field_1\">Nombre <span class=\"wpforms-required-label\" aria-hidden=\"true\">*<\/span><\/label><input type=\"text\" id=\"wpforms-429-field_1\" class=\"wpforms-field-medium wpforms-field-required\" name=\"wpforms[fields][1]\" aria-errormessage=\"wpforms-429-field_1-error\" required><\/div><div id=\"wpforms-429-field_2-container\" class=\"wpforms-field wpforms-field-text\" data-field-id=\"2\"><label class=\"wpforms-field-label\" for=\"wpforms-429-field_2\">Tel\u00e9fono <span class=\"wpforms-required-label\" aria-hidden=\"true\">*<\/span><\/label><input type=\"text\" id=\"wpforms-429-field_2\" class=\"wpforms-field-medium wpforms-field-required\" name=\"wpforms[fields][2]\" aria-errormessage=\"wpforms-429-field_2-error\" required><\/div><div id=\"wpforms-429-field_3-container\" class=\"wpforms-field wpforms-field-text\" data-field-id=\"3\"><label class=\"wpforms-field-label\" for=\"wpforms-429-field_3\">Email <span class=\"wpforms-required-label\" aria-hidden=\"true\">*<\/span><\/label><input type=\"text\" id=\"wpforms-429-field_3\" class=\"wpforms-field-medium wpforms-field-required\" name=\"wpforms[fields][3]\" aria-errormessage=\"wpforms-429-field_3-error\" required><\/div><div id=\"wpforms-429-field_6-container\" class=\"wpforms-field wpforms-field-textarea\" data-field-id=\"6\"><label class=\"wpforms-field-label\" for=\"wpforms-429-field_6\">Consulta<\/label><textarea id=\"wpforms-429-field_6\" class=\"wpforms-field-medium\" name=\"wpforms[fields][6]\" aria-errormessage=\"wpforms-429-field_6-error\" ><\/textarea><\/div><div id=\"wpforms-429-field_5-container\" class=\"wpforms-field wpforms-field-checkbox\" data-field-id=\"5\"><fieldset><legend class=\"wpforms-field-label\">Pol\u00edtica de Privacidad RGPD y Aviso Legal <span class=\"wpforms-required-label\" aria-hidden=\"true\">*<\/span><\/legend><ul id=\"wpforms-429-field_5\" class=\"wpforms-field-required\"><li class=\"choice-1 depth-1\"><input type=\"checkbox\" id=\"wpforms-429-field_5_1\" name=\"wpforms[fields][5][]\" value=\"He le\u00eddo y acepto la Pol\u00edtica de Privacidad RGPD y Aviso Legal\" aria-errormessage=\"wpforms-429-field_5_1-error\" aria-describedby=\"wpforms-429-field_5-description\" required ><label class=\"wpforms-field-label-inline\" for=\"wpforms-429-field_5_1\">He le\u00eddo y acepto la Pol\u00edtica de Privacidad RGPD y Aviso Legal<\/label><\/li><\/ul><div id=\"wpforms-429-field_5-description\" class=\"wpforms-field-description\">RESPONSABLE TRATAMIENTO: David Tom\u00e1s Rubinat<br \/>\nFINALIDAD: Atender la solicitud del usuario.<br \/>\nLEGITIMACI\u00d3N: Consentimiento del interesado.<br \/>\nCESIONES: No se prev\u00e9n cesiones, salvo por obligaci\u00f3n legal o requerimiento judicial.<br \/>\nDERECHOS: Acceso, rectificaci\u00f3n, supresi\u00f3n, oposici\u00f3n, limitaci\u00f3n, portabilidad, revocaci\u00f3n del consentimiento. Si considera que el tratamiento de sus datos no se ajusta a la normativa, puede acudir a la Autoridad de Control (www.aepd.es).<br \/>\nINFORMACI\u00d3N ADICIONAL: m\u00e1s informaci\u00f3n en nuestra <a href=\"https:\/\/geokana.com\/shop\/rgpd\/\" target=\"_blank\">pol\u00edtica de privacidad.<\/a><\/div><\/fieldset><\/div><\/div><!-- .wpforms-field-container --><div class=\"wpforms-recaptcha-container wpforms-is-recaptcha wpforms-is-recaptcha-type-v3\" ><input type=\"hidden\" name=\"wpforms[recaptcha]\" value=\"\"><\/div><div class=\"wpforms-submit-container\" ><input type=\"hidden\" name=\"wpforms[id]\" value=\"429\"><input type=\"hidden\" name=\"page_title\" value=\"\"><input type=\"hidden\" name=\"page_url\" value=\"https:\/\/geokana.com\/shop\/wp-json\/wp\/v2\/pages\/452\"><input type=\"hidden\" name=\"url_referer\" value=\"\"><button type=\"submit\" name=\"wpforms[submit]\" id=\"wpforms-submit-429\" class=\"wpforms-submit\" data-alt-text=\"Enviando...\" data-submit-text=\"Enviar\" aria-live=\"assertive\" value=\"wpforms-submit\">Enviar<\/button><img loading=\"lazy\" decoding=\"async\" src=\"https:\/\/geokana.com\/shop\/wp-content\/plugins\/wpforms-lite\/assets\/images\/submit-spin.svg\" class=\"wpforms-submit-spinner\" style=\"display: none;\" width=\"26\" height=\"26\" alt=\"Cargando\"><\/div><\/form><\/div>  <!-- .wpforms-container -->","protected":false},"excerpt":{"rendered":"","protected":false},"author":1,"featured_media":0,"parent":0,"menu_order":0,"comment_status":"closed","ping_status":"closed","template":"","meta":{"footnotes":""},"class_list":["post-452","page","type-page","status-publish","hentry"],"_links":{"self":[{"href":"https:\/\/geokana.com\/shop\/wp-json\/wp\/v2\/pages\/452","targetHints":{"allow":["GET"]}}],"collection":[{"href":"https:\/\/geokana.com\/shop\/wp-json\/wp\/v2\/pages"}],"about":[{"href":"https:\/\/geokana.com\/shop\/wp-json\/wp\/v2\/types\/page"}],"author":[{"embeddable":true,"href":"https:\/\/geokana.com\/shop\/wp-json\/wp\/v2\/users\/1"}],"replies":[{"embeddable":true,"href":"https:\/\/geokana.com\/shop\/wp-json\/wp\/v2\/comments?post=452"}],"version-history":[{"count":1,"href":"https:\/\/geokana.com\/shop\/wp-json\/wp\/v2\/pages\/452\/revisions"}],"predecessor-version":[{"id":453,"href":"https:\/\/geokana.com\/shop\/wp-json\/wp\/v2\/pages\/452\/revisions\/453"}],"wp:attachment":[{"href":"https:\/\/geokana.com\/shop\/wp-json\/wp\/v2\/media?parent=452"}],"curies":[{"name":"wp","href":"https:\/\/api.w.org\/{rel}","templated":true}]}}